cond derivative of -o**3/6 - o**2 - 12*o. Determine v(l).
-7
Let v(m) = -14*m**2 - m. Let z = 3 + -4. Give v(z).
-13
Let z be 3*(-6)/9 - 3. Let o(j) = -j**3 + 124*j - 123*j - 7*j**2 + 2*j**2 + 2. What is o(z)?
-3
Let v(z) be the second derivative of 0*z**3 - 1/12*z**4 - 3*z - 1/20*z**5 + 0*z**2 + 0. Determine v(-2).
4
Let b(k) = k + 1. Suppose 27 = 5*c - 3. Let s(w) = -5*w - 2. Let i(y) = c*b(y) + s(y). Suppose 2*a - 5*l - 10 = 0, a + 4*l + 8 = -a. Determine i(a).
4
Let z(f) be the third derivative of -f**4/24 - f**3/6 - 2*f**2. Let c be z(-7). Suppose k = -2*k - c. Let r(t) = -t**3 - 2*t**2 + 2. Give r(k).
2
Let j = 20 + -20. Let t(g) be the second derivative of -g**5/20 - 2*g**2 + g. Give t(j).
-4
Suppose 5*w + 11 = -3*c + 4*c, -5*w + 4*c + 1 = 0. Let n(f) = -f**3 - 2*f**2 + f - 4. Calculate n(w).
2
Let v(x) = -2*x - 17. Let s be v(-10). Let c(m) = -3*m + 3. Calculate c(s).
-6
Let o(c) = c - 9. Suppose -2*z = -17 + 5. Suppose -2*h - 4 = -3*y + 2*y, 0 = 3*h + z. What is o(y)?
-9
Let o(r) be the first derivative of -5 + 1/3*r**3 - r - 2*r**2. Calculate o(6).
11
Let w(d) = d**2 - 3*d - 5. Suppose -2*l - 3*l = -15. Suppose 4*b = 3*u + 35, -3*b - 5*u + l*u = -5. What is w(b)?
5
Let x = -5 + 0. Let c(q) = -q + 6. What is c(x)?
11
Let w = -113 - -109. Let i(a) = 4*a**2 + 2*a + 0*a - 5 - 3*a**2. Give i(w).
3
Let s(h) = -h**2 + 13*h + 20. Let v be s(14). Let g(p) be the first derivative of p**4/4 - 7*p**3/3 + 3*p**2 + 2*p + 2. What is g(v)?
2
Let l(j) = j**2 + 3*j - 6. Let u be l(-5). Let a(q) be the first derivative of -5*q**u + 0*q**4 + 2 + 3*q**4 - 5*q + 4*q. Give a(-1).
7
Let l(v) = -v**3 - 4*v**2 + 4*v. Suppose -c = k + 10, -5*c - 45 = -0*k + 4*k. Determine l(c).
5
Let b(t) = t - 4. Let m = -11 - -15. Let p(a) = -3*a + 8. Let z(f) = -3*f + 7. Let v(q) = 4*p(q) - 3*z(q). Let n(i) = m*v(i) + 11*b(i). Determine n(-2).
2
Let r(j) = -4*j + j**2 + 4*j - 4*j. Suppose -2*m + 3*z - 11 + 2 = 0, -2*m + 31 = 5*z. Determine r(m).
-3
Let o(t) be the first derivative of 1/4*t**4 - 1/120*t**5 + 0*t + 1/3*t**3 + 0*t**2 - 1. Let s(f) be the third derivative of o(f). Calculate s(4).
2
Suppose 3 = -4*v + 11. Let a(q) = -2*q**3 - 2*q**3 - 7*q**v + 1 + 6*q**2. Determine a(-1).
4
Let q(z) = -z**3 - 12*z**2 - 7*z. Let v(t) = -3*t**3 - 35*t**2 - 21*t - 1. Let o(g) = 17*q(g) - 6*v(g). Calculate o(-5).
-4
Let p(t) = t**3 + 3*t**2 - 2*t + 4. Let k(f) = f**3 - 17*f**2 - 36*f - 42. Let s be k(19). Give p(s).
-4
Let o(c) = 3*c**2 - 2*c - 21 - 12*c**2 - c. Let m(g) = 5*g**2 + 2*g + 11. Let w(l) = 11*m(l) + 6*o(l). Give w(-4).
-5
Let x(z) be the first derivative of 2*z + 7/3*z**3 + 1/4*z**4 - 7 + 7/2*z**2. What is x(-6)?
-4
Let c(x) = x**3 - 2*x - 1. Let w be c(2). Let i(b) = 1 + 0 + w - 3*b. Determine i(4).
-8
Let y(w) = w. Let d be y(3). Suppose -5 = -4*v - q + 10, d*v - 2*q = 3. Let z(k) = 2*k**2 + 2*k + 2 + 0*k - 3 - k**v. Determine z(2).
3
Let m(o) = o**3 - 4*o**2 + o - 2. Suppose 2*g = -g + 6. Let k(f) = 2*f. Let s be k(g). Give m(s).
2
Let x(b) be the first derivative of 3*b**3 + b**2 + b - 41. Determine x(-1).
8
Let d be (18/15)/((-2)/(-10)). Let q(m) = 3 - 4 - 4*m + 9 + 2*m - 2. Give q(d).
-6
Let o(c) = c. Suppose z = 7 - 4. Let w(p) = -6 - z*p + 6*p - 3*p + 5*p. Let r(x) = 4*o(x) - w(x). Determine r(6).
0
Suppose -5*j + 24 = -1. Let t(l) = 4*l**2 + 12*l - 1. Let m(h) = 3*h**2 + 8*h - 1. Let g(w) = j*t(w) - 7*m(w). Give g(6).
-10
Suppose 1 = -s + 5. Let a(k) = -k + 2. Give a(s).
-2
Let l(j) be the third derivative of -j**5/60 - j**3/6 - 2*j**2. Suppose 11*v - 20 = 2. Calculate l(v).
-5
Let i be -1 + -1*(6 + -1). Let l(w) = -w**2 - 4*w - 7. Let a(d) = -d**2 - 3*d - 8. Let n(v) = -3*a(v) + 4*l(v). Calculate n(i).
2
Let z = -35 - -33. Let u(k) = 2*k**2 + 2*k - 2. Calculate u(z).
2
Let c(g) be the second derivative of -g**4/12 + g**3/6 - 16*g. Give c(-1).
-2
Let q(v) = v**3 - 14*v**2 + v - 11. Let l be q(14). Let s(x) be the third derivative of -1/3*x**l + 0 + 0*x - 1/30*x**5 + x**2 + 1/8*x**4. Determine s(2).
-4
Let g = 16 - 10. Let a(i) = i**2 - 8*i + 1. What is a(g)?
-11
Let p(r) = 4*r**3 + 2 - 7*r**2 - 3*r**3 + 12*r**2 + 2*r. What is p(-4)?
10
Let g(p) = -5*p + 3. Let x be 1 - (-1 - -3 - 7). Suppose t = 4*t - x. Determine g(t).
-7
Let n = 3 + 0. Let m(j) = j**2 + 5*j - 2. Let i(v) = -2*v**2 - 6*v + 2. Let k(s) = n*m(s) + 2*i(s). What is k(3)?
-2
Let n be (1 - (1 + -3)) + -27. Let i be (n/(-9))/((-2)/(-3)). Suppose -i*g = -7*g - 3. Let q(m) = 9*m**2 - 1. What is q(g)?
8
Suppose 4*o + 0*o = 2*k - 28, -4*o + k = 24. Let f(g) be the third derivative of g**6/120 + g**5/12 + 7*g**3/6 + g**2. What is f(o)?
7
Let c be (-3)/12 - 93/12. Let y(x) = -x - 9. What is y(c)?
-1
Suppose 0 = -3*a - 3*t, 3*a - 5*t - 18 = 2*a. Let g(q) = q - 1. Let p(f) = 5*f - 6. Let i(j) = 6*g(j) - p(j). Give i(a).
3
Let w(y) be the second derivative of 6*y**2 + 1/6*y**3 - y + 0. Suppose -12*b + 7*b = -2*b. What is w(b)?
12
Let f(g) = g**3 + g**2 - g. Let t be f(-2). Let q(a) = -2*a + 2. Calculate q(t).
6
Suppose -19 = -2*z - d, 0*z - 4*z + 5*d + 45 = 0. Let s(l) = l**2 - z + 15 - 5 + l - 5. Calculate s(-5).
15
Let l(n) = 8*n - 1 - 1 + 0. Suppose -11*c + 21 + 1 = 0. Determine l(c).
14
Let x be -1 - -3 - 8/(-4). Let b(v) = 4 - x*v - 4. Let d(h) = h**2 - h + 1. Let u be d(1). Determine b(u).
-4
Let a(u) be the second derivative of -1/12*u**4 + u**3 - 5*u - 1/2*u**2 + 0. Calculate a(4).
7
Let d(i) = -i**2 - i + 1. Let j(q) = 6*q**2 + 6*q - 3. Let r(x) = -5*d(x) - j(x). Calculate r(2).
-8
Let d(v) = -9*v - 42. Let t be d(-5). Let l(w) = w**3 - 4*w**2 + 3*w - 4. Calculate l(t).
-4
Suppose -2*v + 12 = 2*u, 5*u + 2*v - 1 - 26 = 0. Let n = u - -1. Let p(m) = -m**3 + 5*m**2 + 5*m + 4. Give p(n).
-2
Let f(c) = c**2 + 4*c + 2. Let o = -118 - -114. Determine f(o).
2
Let z(n) = -n**3 + 2*n**2 - n - 1. Let u = 6 + -11. Let h be 2/u + (-162)/(-30). Suppose -1 - h = -3*t. Give z(t).
-3
Let g(x) = -x**2 + 3*x + 3. Let l be g(4). Let d = l + 4. Let p(n) = n**3 - 4*n**2 + 3*n + 2. Determine p(d).
2
Let j(b) = b**3 + 3*b**2 - b. Let i be ((-7)/((-28)/(-6)))/((-1)/(-2)). Determine j(i).
3
Suppose 3*f - 12 = 0, 0 = 4*r - 2*f + 4*f - 32. Let b(u) = -u**3 + 5*u**2 + 5*u + 1. Calculate b(r).
-5
Let v(p) be the first derivative of -2*p**3/3 + p**2 + 3*p + 1. Determine v(-2).
-9
Let z(x) = 7*x**3 - 2*x + 1. Let w be (1 + -2 + 2)*1. Let d be z(w). Let g(n) = n**2 - 5*n - 7. Determine g(d).
-1
Let c(h) = -h + 1. Let g(u) = 2*u**2 + 2*u - 8. Let n(o) = 8*c(o) + g(o). What is n(4)?
8
Let w(y) be the first derivative of -1/12*y**4 - 2 + 0*y**3 + y - 1/20*y**5 + y**2. Let b(c) be the first derivative of w(c). Give b(0).
2
Let k(j) = 3*j**2 + j - 1. Let c(w) = -3*w**3 + 5*w**3 - 3*w**3 - w - 2*w**2. Let x be c(-1). Suppose x = 5*y - 6 + 16. What is k(y)?
9
Suppose -6*v = -9*v - 18. Let s(y) = y**2 + 6*y - 4. What is s(v)?
-4
Let q = -2 + 2. Suppose -3*w - 2*l = -11, 4*w - 11 = 2*l - l. Let r(t) = -1 - w - t + 1. What is r(q)?
-3
Let p(r) = -6 + 3*r**3 + 10 - 7*r + 9 - 4*r**3 - 11*r**2. Calculate p(-10).
-17
Let z = -10 + 25. Suppose -2*c - c - z = 0. Let v = c - -9. Let b(p) = 2*p - 4. Calculate b(v).
4
Let j be 2 - (-25)/(-5) - 3. Let z(w) = -w**2 - 6*w - 8. Determine z(j).
-8
Let c(k) = -k + 7. Let m(b) = b + 18. Let w be m(-12). Determine c(w).
1
Let o(s) = -s - 4*s**2 - 1 + 1. Let q = -12 - -17. Suppose q = -b - 4*b. Calculate o(b).
-3
Let p(h) be the second derivative of -h**5/20 + h**3/6 - 5*h**2/2 - 2*h. Let l(j) = -j - 3. Let y be l(-3). Determine p(y).
-5
Let k(y) = 0*y + 3*y - 8*y**2 - 2*y. Calculate k(-1).
-9
Suppose 4*u + 3*q = 18, -7*u + 3*u + q + 10 = 0. Let m(h) = -3*h**2 - 5*h - 3 - 2*h**2 + 5 + 7*h**2. Give m(u).
5
Let d = -30 - -33. Suppose -2*h + w + 0 + 9 = 0, -9 = 2*h + 5*w. Let g(p) = 3*p - p**3 - 2 + 2*p + 0*p**h + p**2. What is g(d)?
-5
Suppose -3*l - 5 = -2*l. Let b(d) = 3*d**3 + 6*d**2 - 6*d - 8. Let y(u) = 10*u**3 + 19*u**2 - 17*u - 25. Let h(f) = 7*b(f) - 2*y(f). Calculate h(l).
9
Suppose -11 - 9 = -x. Let v(t) = -6*t**2 + 19 - x + t**2. What is v(1)?
-6
Let x(m) = -m**3 + 2*m**2 - m + 4. Let l be x(3). Let y(r) = r**3 + 8*r**2 + r + 2. Determine y(l).
-6
Let n(b) = b**2 + b - 3. Let c = 5 + -8. Let r be n(c). Let s(o) be the first derivative of o**3/3 - 5*o**2/2 + 3*o - 1. Determine s(r).
-3
Let m(o) = 